Let m be d(17). Calculate the greatest common factor of m and 559.
43
Let s = 16463 - 16390. Calculate the highest common divisor of s and 3869.
73
Suppose 123*y + 51*y = 220806. Calculate the greatest common divisor of y and 564.
141
Let y = 23009 + -22193. Calculate the greatest common factor of 221 and y.
17
Let c = -146 + 147. Let l be 1*(92/4 - c). Calculate the highest common factor of 33 and l.
11
Let x(a) = -31*a - 66. Let g = -371 - -365. Let j be x(g). What is the greatest common factor of j and 18?
6
Suppose -15*z + 31 = -44. Suppose 5*x - 30 = -z*c, 14 - 11 = -3*c + 4*x. What is the greatest common factor of 42 and c?
3
Let i be (-1 - 3 - -7)/1*96. Suppose 0 = -b + 2*s + 4, 4 = 2*b + 2*b - 2*s. Suppose -i = -b*l - 4*l. What is the greatest common factor of l and 24?
24
Let f be (-23250)/(-3255)*574/4. Calculate the highest common factor of 50 and f.
25
Suppose -25*z = 2*z - 108. Let w be (24/(-6))/(z/(-14)). Calculate the highest common factor of 238 and w.
14
Let u(i) = -2*i**2 + 59*i - 29. Let s be u(29). Suppose s = 8*d - 525 - 475. What is the greatest common factor of d and 75?
25
Let a(l) = -6*l + 124. Let o be a(6). Suppose -o - 704 = -6*r. Calculate the highest common factor of 24 and r.
12
Suppose -4*p - 6 = -3*p. Let n be 4*3/p - -5. Suppose -41 = -n*u + 43. Calculate the greatest common divisor of 252 and u.
28
Let i(s) = 2*s + 6. Let k be i(6). Suppose 0 = -5*r + k + 77. Let b = 122 + 11. What is the highest common factor of b and r?
19
Suppose 30 = 4*g - 2*g. Suppose -1092 = 4*t - f, -9*t - 252 = -8*t + 5*f. Let h = 392 + t. Calculate the highest common factor of h and g.
15
Let k(w) = 8*w**3 + w**2 + 2*w + 2. Let o be k(-1). Let i be (66/15*1)/(o/70). Let v be (4 - i/28) + 6/14. Calculate the highest common factor of v and 2.
2
Suppose -111*t = -95*t - 1856. Let i(q) = q**3 + 6*q**2 + 4*q - 5. Let g be i(5). Calculate the greatest common divisor of g and t.
58
Let d = 12806 + -11801. Calculate the highest common divisor of 60 and d.
15
Suppose -2*v + 4*i = 24, 3*v + 18 = -v + 2*i. Let q be -1 + (2 - -539) + v. Let a = q + -314. Calculate the greatest common factor of a and 28.
28
Suppose 48*h - 28*h - 29*h = -360. Calculate the highest common divisor of 415 and h.
5
Let w = 6647 - 6613. Calculate the highest common divisor of w and 51.
17
Let t be 16/(-6)*180/(-8). Let y(g) = g + 23. Let z(s) = s. Let m be z(13). Let j be y(m). Calculate the highest common factor of j and t.
12
Suppose -539*z + 17990 = -65*z + 40*z. Suppose -p - 2*a + 24 = p, 0 = 4*p + 2*a - 38. Calculate the highest common divisor of z and p.
7
Let c = 48 + -32. Let n = -413 - -503. Suppose -89*h = -n*h + 128. What is the highest common factor of c and h?
16
Let k = -311 + 407. Suppose -4*w = -2*p + 78, 6*p + k = 8*p + 5*w. Calculate the highest common divisor of 473 and p.
43
Let p(c) = -c**3 - 4*c**2 + 43*c + 8. Let l be p(-6). Let n = l - -184. Calculate the highest common factor of n and 66.
6
Suppose -26 = -11*m - 70. Let d be 3 - 0/(m - -1). What is the greatest common divisor of d and 57?
3
Let j = 2517 - 2151. Calculate the greatest common factor of 18 and j.
6
Let g be ((-2006)/10)/((-61)/610). What is the greatest common factor of 136 and g?
34
Let a = 23 + 0. Suppose -18*z = -70 - 344. Calculate the greatest common divisor of z and a.
23
Suppose 8*w = -28*w + 792. What is the highest common factor of w and 46?
2
Let k be (10 - (-104)/(-13))*6125/14. Calculate the highest common factor of k and 28.
7
Let j = 294 + 15351. What is the highest common divisor of j and 105?
105
Let g be 16 - (-56 - 13) - -12. Let b be 30/(-45)*(-3)/2. Calculate the highest common factor of g and b.
1
Let q = 11219 - 11199. Calculate the greatest common factor of q and 730.
10
Let w(f) = -5*f**3 + 151*f**2 - 33*f + 110. Let z be w(30). Let g(q) = 8*q**2 + 3*q - 5. Let v be g(-5). What is the highest common factor of z and v?
20
Let j(u) = u**2 + 6*u + 12. Let d be j(-2). Suppose 15*l = d*l + 363. What is the greatest common factor of l and 77?
11
Let t(a) = -33*a**3 - 2*a**2 + 15*a + 16. Let p be t(-1). Calculate the highest common factor of p and 632.
8
Suppose -28 - 29 = -2*m + 5*g, -5*m + g + 200 = 0. What is the highest common divisor of m and 533?
41
Suppose -4*w + r + 7500 = 0, -3*w - 2*r + 3999 + 1626 = 0. Calculate the greatest common factor of 10 and w.
5
Let r(x) = -111*x + 770. Let l be r(6). What is the greatest common factor of l and 3484?
52
Suppose 0 = -164*p + 166*p - 2*f - 70, 4*p = -3*f + 182. What is the greatest common factor of p and 12751?
41
Suppose -5*o + 556 - 111 = 0. Let f = o - 104. Let i(x) = x + 45. Let v be i(f). Calculate the greatest common divisor of 20 and v.
10
Suppose 64 = -2*q + 64. Let y = q + 19. What is the greatest common factor of 19 and y?
19
Let p(q) = 6*q**2 + 19*q + 8. Let g be p(-4). Suppose -s = v - 49, g - 77 = -v - 4*s. What is the greatest common divisor of 1666 and v?
49
Let i(h) = 8*h**3 + 7*h + 30. Let y(w) = -9*w**3 - 9*w - 31. Let f(m) = 7*i(m) + 6*y(m). Let d be f(3). Calculate the highest common factor of d and 28.
7
Suppose -44*z + 34*z = 60*z. Let c = -16 + 26. Suppose c*f - 5*f - 75 = z. What is the greatest common divisor of 3 and f?
3
Let k(z) = -12*z - 4*z + 28*z - 18*z - 9*z + 9. Let l(s) = s. Let q be l(-2). Let n be k(q). Calculate the greatest common divisor of 117 and n.
39
Suppose -3*j + 438 = 477*q - 472*q, -5*j = 4*q - 340. Calculate the greatest common divisor of q and 828.
18
Let u be (-15)/6*152/(-10). Let c = -111 - -377. What is the greatest common factor of c and u?
38
Let g(x) = 1933*x**2 + 4*x - 5. Let q be g(-3). Calculate the highest common divisor of q and 110.
110
Let n be (8/(-3))/(4/66). Let p be 6*(-3*4 + 3). Let d = n - p. Calculate the highest common factor of d and 50.
10
Suppose -2*f - 2*j = -6, 6*f = 7*f + 2*j + 1. Suppose 3*q = 96 - 36. Let v = q + f. Calculate the highest common divisor of v and 36.
9
Let f(h) = -2*h**2 - 2*h**2 - 2*h**3 + 3*h + 4*h**2 - 3. Let p be f(-3). Let o(l) = 97*l + 2737. Let n be o(-28). What is the highest common divisor of p and n?
21
Let v(j) = 6*j**2 + 74*j + 318. Let y be v(-8). Calculate the greatest common factor of 1177 and y.
11
Let d = 686 - -718. Calculate the highest common divisor of d and 270.
54
Suppose -4*l - 4*v = -2540, 0 = 18*l - 17*l - v - 619. Calculate the greatest common divisor of l and 792.
33
Suppose -735 = r - 4*r. Suppose 3*j - 3*y = 270, -90 = 5*j - y - 536. Suppose j = -f + 124. What is the greatest common factor of r and f?
35
Let m(a) = 4*a**2 - 19*a + 31. Let d be m(11). Let k = -288 + d. Let w be (1*(-5 - 1))/(-1). What is the greatest common factor of k and w?
6
Suppose 0 = 5*z - m - 258, 0 = -3*z - z + 2*m + 210. Suppose 8*n - 103 - 84 = -3*n. Calculate the highest common factor of n and z.
17
Let a(y) = 393*y**2 - 3*y - 32. Let o be a(4). Calculate the highest common divisor of o and 28.
28
Suppose 178 = -2*t + 928. Let h = -74 + t. Calculate the highest common divisor of 43 and h.
43
Let g(k) = -k**3 - 4*k**2 - 10*k - 35. Let i be g(-17). Suppose 17*d = 5084 + i. Calculate the greatest common factor of 33 and d.
33
Let v be (-66)/(-5)*(46 + -11). What is the greatest common divisor of 2478 and v?
42
Let x = -52 - -76. Let y(w) = -3*w + 44. Let t be y(13). Suppose -6*m = -t*m - 24. What is the highest common divisor of m and x?
24
Let h(d) = d**3 + 8*d**2 - 17*d + 13. Let t be h(-9). Suppose 3*f = 4*v + t, 0 = -4*f + v - 6*v + 103. Calculate the greatest common factor of 90 and f.
9
Let l be (48/(-8) + -195)*(-1)/3. Suppose 3*d = 5*j - l - 81, -180 = -5*j - 5*d. What is the highest common factor of j and 400?
16
Suppose 0 = 22*v - 22 - 66. Suppose -2*c - v*m = -70, 5*c = 7*c - 4*m - 38. Calculate the highest common divisor of 63 and c.
9
Let x(z) = -2*z**3 - 3*z**2 - 2*z - 2. Let t be x(-2). Suppose 5*h + 0 - 260 = 0. Suppose 2*q - t*q = -h. What is the highest common divisor of 39 and q?
13
Suppose 21 + 57 = 3*w - 3*d, d + 113 = 4*w. Suppose w*m - 2970 = -563. What is the highest common divisor of 747 and m?
83
Let v = -791 + 794. Suppose 4*q = v*m - 163 - 531, 1205 = 5*m + 3*q. What is the highest common factor of m and 68?
34
Let f(c) = c**3 - 6*c**2 - 36*c + 31. Let g be f(14). Calculate the greates